t are the prime factors of c?
2
Let u(s) = 3*s**2 - 12*s + 11. What are the prime factors of u(5)?
2, 13
Suppose 3*z - 33 = -12. Suppose -o = -0*o - z. What are the prime factors of o?
7
Let v(f) be the second derivative of f**5/24 - f**4/24 - f**3/6 - f. Let r(s) be the second derivative of v(s). What are the prime factors of r(3)?
2, 7
Suppose -8 = -2*o - 0*o. Let p be (0 - 18)/((-6)/o). Suppose 3*g - p = 36. What are the prime factors of g?
2
Let x be (4/4)/(1 - 2). List the prime factors of 22 - (3 + -4)/x.
3, 7
Suppose 5*j = 4*t - 39, -13 + 4 = -t + j. Let w be 30/9*t/4. Suppose -2*q = -w*q + 30. What are the prime factors of q?
2, 5
Let q(l) = l**3 + 27*l**2 + 15*l - 28. List the prime factors of q(-26).
2, 3, 43
Suppose -4*q = -2*z + 46, 0 = 5*z + 4*q - 0*q - 115. Let a = z + -20. What are the prime factors of a?
3
Let q be -1 + 16 + -1*1. Let p(y) = -y**2 - 4*y - 5. Let d be p(-5). Let l = q + d. List the prime factors of l.
2
Let m be 1/1 - 0/(-2). Let z = m + 1. What are the prime factors of -2 - (-11 + z - 3)?
2, 5
Let c = -43 - -293. What are the prime factors of c?
2, 5
Let l(f) = 2*f - 12. Let j(z) = 3 + z + 0*z - 2*z + 1. Let s be j(-6). What are the prime factors of l(s)?
2
Suppose -4*j = -j + 33. List the prime factors of (-12)/(-66) - 97/j.
3
Let l = -41 - -119. List the prime factors of l.
2, 3, 13
Suppose j + 23 = -2*n, 5*n + j + 47 = 2*j. Let l be n*(-2*1 - -3). Let v = 19 + l. What are the prime factors of v?
3
Let x(q) = 4*q**2 + q**3 + 3*q**2 - 2*q**2 + 5 + 4*q. Let i be x(-4). Let s(j) = j**2 - 2*j - 5. What are the prime factors of s(i)?
2, 5
Suppose -4*a + a + 42 = 0. What are the prime factors of a?
2, 7
Suppose 2*k - 26 = -p, -4*k + 67 = 4*p - 49. List the prime factors of p.
2
Let y(q) = -16*q + 34. List the prime factors of y(-8).
2, 3
Suppose 8*n - 3*n = -x + 28, 5*x = 2*n + 167. Suppose 3*y = -g + x, -4*y + 28 = g - 0*y. List the prime factors of g.
2, 3
Suppose 7*i = 1305 + 165. List the prime factors of i.
2, 3, 5, 7
Let x(o) = -2*o. Let d be x(-2). Let n be 18/d*4/6. Suppose 0 = j - n - 6. What are the prime factors of j?
3
Let u = 111 + -65. What are the prime factors of u?
2, 23
List the prime factors of 5 + 2 - 6/2.
2
Let k = 15 - 11. Suppose -k*p + 109 = 3*x, -2*x = 3*x - 3*p - 143. Suppose n + 14 = x. What are the prime factors of n?
17
List the prime factors of 1*32 - 4/(2/2).
2, 7
Let c(x) = 5*x**2 + 5*x + 3. List the prime factors of c(-3).
3, 11
Let q = -472 - -661. What are the prime factors of q?
3, 7
Let i = -8 + 8. Suppose i*l - 3*l = -30. Suppose 3*w - 5*w = -l. What are the prime factors of w?
5
Let y(a) be the third derivative of 0*a + 0 + 1/12*a**4 + 2*a**2 + 1/6*a**3. What are the prime factors of y(4)?
3
Suppose -4*z - 4*j = -3*z + 39, 0 = -z - 3*j - 34. Let s = z - -30. List the prime factors of s.
11
Suppose -80 = -10*g + 6*g. Suppose -4*s = -32 - g. List the prime factors of s.
13
Let b(d) = d**2 + 1. Let f be b(2). Suppose 218 = f*a - 37. Suppose a = 2*r + 5*g, 2*r - 33 = r - 4*g. List the prime factors of r.
13
Suppose -6*r + 2*r = 0. List the prime factors of -1 - (-1*34 - r).
3, 11
Suppose -5*g = -n - 12, -4*g + g = -5*n + 6. Let a be (6/(-7))/((-2)/42). Suppose 0*v - g*v = -a. List the prime factors of v.
2, 3
Let g(t) = t**2 - 4*t + 3. Let w be g(4). Let j = w + 0. List the prime factors of j.
3
Let p be (0 - -1)/((-8)/(-32)). Suppose -p*r = -11 - 1. Suppose -5*b + 24 = -1, -b = r*n - 35. List the prime factors of n.
2, 5
Let i be 12/18*1*6. Suppose -m + i*b + 2 - 11 = 0, 3*m - 5*b - 1 = 0. What are the prime factors of m?
7
Suppose 0 = 4*r - 111 + 43. Let k be 11*(-1)/(1 + 0). Let l = k + r. List the prime factors of l.
2, 3
Suppose 3*b = b + 28. Suppose 3*c + 7 = 4*i, -2*i = 4*c - 2*c - b. List the prime factors of c.
3
Let h(n) = 1 - 4*n - 4 + 3. What are the prime factors of h(-1)?
2
Let m = 214 + -96. What are the prime factors of m?
2, 59
Let j(w) = w - 7. Let x = 21 - 11. Let o be j(x). Suppose 5 + 19 = o*g. List the prime factors of g.
2
Suppose 0 = 7*t - 2*t. Let o(m) = m**2 - m + 27. List the prime factors of o(t).
3
Let r(h) = 32*h - 14. List the prime factors of r(7).
2, 3, 5, 7
Let s = -3 - 5. Let j = s + 23. What are the prime factors of j?
3, 5
Let x be (-2)/9 + (-152)/(-36). Suppose x*l - 36 = 20. Suppose -p - l = -3*p. List the prime factors of p.
7
Let h be 0/(-6 - -3) + 5. Let a(m) = -m**3 + 6*m**2 + m - 4. What are the prime factors of a(h)?
2, 13
Suppose 0*o + 4 = 2*o. Suppose 5*p - 10 = -2*k + 3*k, o*k + 3*p = 32. What are the prime factors of k?
2, 5
Let q(s) = 17*s**2 + 12*s - 7. List the prime factors of q(-5).
2, 179
Suppose -5*q = 3*h - 15, 3*h - 23 = 5*q - 68. Suppose -u - q - 23 = -2*g, -2*u = 10. What are the prime factors of g?
2, 3
Suppose w - 2*f - 13 = 0, 15 = 3*w - 5*f - 27. Let v = w - 10. What are the prime factors of v?
3
Let w = 20 + -11. List the prime factors of w.
3
Let u(p) = 4*p**2 - 9*p - 32. Let x(r) = 2*r + 8 + 2*r**2 - r**2 - 2*r**2. Let i(j) = 2*u(j) + 9*x(j). What are the prime factors of i(0)?
2
Suppose -4*b + 5*b + 64 = 0. What are the prime factors of 2/(-7) + b/(-28)?
2
Suppose 4*f = -5*w + 19, 4*w + w = -f - 14. Suppose 5*g + 2*d = 69 + f, -g + 4*d + 16 = 0. What are the prime factors of (g/6)/((-14)/(-63))?
2, 3
Suppose 0*t + 3*o = -t + 275, t - 283 = -o. List the prime factors of t.
7, 41
Let t(h) = -3*h + 5. Let q(d) = -21*d**3 - d. Let b be q(-1). Suppose -5*l = 3 + b. List the prime factors of t(l).
2, 5
Suppose -2*h + 5*y = 1 + 1, -2*y + 20 = 4*h. Suppose 3*n - h*w = 5*n + 12, 5*w + 24 = 2*n. Suppose 0*x = n*x - 24. What are the prime factors of x?
2, 3
Suppose 0*l + 5*l = 0. Let r(t) = -t**3 - t**2 - t - 13. Let f be r(l). Let z(o) = -o - 2. What are the prime factors of z(f)?
11
Suppose 4*t = -j - 16, -j - 5*t = -2*t + 11. Suppose -20 = j*g + 12. List the prime factors of (5 + g)*(-10)/3.
2, 5
Let p(a) = a - 2. Let x be p(-2). Let s be 50/x*-2*1. What are the prime factors of 8/12 + s/3?
3
Suppose -2016 = -4*m + 3224. List the prime factors of (-4)/(-22) - m/(-55).
2, 3
Suppose 0 = -x + 4. Suppose -x*i = -5*d + 86, -5*d + i + 62 = 3*i. List the prime factors of d.
2, 7
Let y = 6 - 10. List the prime factors of 384/66 + y/(-22).
2, 3
Let v be -5 + 1 - -1*2. What are the prime factors of ((-9)/v)/(1/10)?
3, 5
Suppose -2*j - 2*m = -4*j + 12, 5*m = -4*j - 12. Suppose -j*n - 2*n = -12. What are the prime factors of n?
3
Suppose 7*j - 267 = 4*j. What are the prime factors of j?
89
Let b(t) = -t + 3. Let y be b(0). Suppose -2*f = y*f - 65. What are the prime factors of f?
13
Let a(f) = -f - 7. Let n be a(0). Let i(m) = m**3 + 8*m**2 + 3*m. List the prime factors of i(n).
2, 7
Let l = -4 - -12. What are the prime factors of l?
2
Let f be (1/4)/((-1)/(-4)). Let p be (-1)/(3/2 - f). List the prime factors of 3/(2 + (-3 - p)).
3
Suppose z = -1 - 2. Let w be (-8 - 0)/(z/12). Suppose -w = -5*m + 3. List the prime factors of m.
7
Suppose -3*n - 2*m + 31 + 51 = 0, -5*n - 4*m = -140. Let d be (-90)/n*16/(-3). List the prime factors of ((-1)/(-2))/(2/d).
5
Suppose k - 7 = -14. Suppose -3*s + 3*w - 5*w + 38 = 0, 3*s + w = 34. Let j = k + s. List the prime factors of j.
3
Let m(c) = -c. Let p be -5 - (2 - (2 + 1)). Let j be m(p). What are the prime factors of 0 - -5 - (-8)/j?
7
Let x(m) = -m**2 - 8*m - 9. Let l be x(-6). Suppose 5*z - 2 = l. Suppose 4*w - 25 = -5*p, 3*p - z = -w - 0*p. What are the prime factors of w?
2, 5
Suppose -4*f + 4*o - 61 = -13, 0 = -o. Let x = -20 - f. What are the prime factors of -1*10*8/x?
2, 5
Let r = 33 + -11. What are the prime factors of r?
2, 11
Let m be (-1)/5 + 202/10. Suppose -k = -4 + m. Let d = -11 - k. What are the prime factors of d?
5
Let w(f) = -3*f. Let u(q) = 7*q. Let c(v) = 4*u(v) + 10*w(v). List the prime factors of c(-7).
2, 7
Let n = 2 - 14. Let v(k) = k**2 + 17. Let h be v(0). Let m = n + h. What are the prime factors of m?
5
Let k(q) = -q**2 - 6*q - 3. Let l = -11 + 7. What are the prime factors of k(l)?
5
Let v be (-2)/9 - 1756/36. Let x = -23 - v. What are the prime factors of x?
2, 13
Suppose -y + 12 = y. Let o = y + 1. List the prime factors of o.
7
Let q(s) = -26*s - 6. Let v be q(-3). Suppose -n - 3*n = 2*k - 96, 0 = -3*n - 4*k + v. What are the prime factors of n?
2, 3
Suppos